.
-33000243
Convert -1c53d (base 14) to base 2.
-10001101010111011
-12b9023 (base 12) to base 3
-21000100221000
22210101120 (base 3) to base 9
283346
Convert -1011100001101100101 (base 2) to base 11.
-238855
Convert 1000011001110001110000 (base 2) to base 12.
8a2894
18763 (base 12) to base 14
cdbd
Convert -640247 (base 9) to base 6.
-12054411
What is -1558193 (base 12) in base 10?
-4347903
What is -1a9c435 (base 13) in base 5?
-4224330442
Convert -4160362 (base 8) to base 12.
-454182
What is 12993cd (base 15) in base 2?
110011000110100100010011
-18b268 (base 16) to base 7
-16520523
What is 2000221112 (base 3) in base 9?
60845
Convert 2120100112112 (base 3) to base 16.
14d458
79081 (base 10) to base 16
134e9
-93a88 (base 11) to base 12
-673a4
-9b5ed (base 15) to base 4
-1320220102
What is 8c939 (base 13) in base 3?
111000202002
Convert -193496 (base 10) to base 16.
-2f3d8
Convert 2417b72 (base 12) to base 13.
15b1c9b
What is -645101 (base 7) in base 10?
-112211
What is -10222530 (base 9) in base 10?
-4916079
-5a772 (base 13) to base 14
-4472b
Convert -287335 (base 16) to base 6.
-132452501
153022650 (base 7) to base 6
1003301200
11101010001100001 (base 2) to base 9
202427
Convert -30232301 (base 4) to base 10.
-52145
-4042103 (base 6) to base 13
-69699
Convert 80013 (base 10) to base 12.
3a379
What is 210848 (base 10) in base 12?
a2028
1250706 (base 8) to base 6
11245542
What is 510a3 (base 13) in base 5?
14121020
Convert -343176 (base 10) to base 9.
-572666
-c5399 (base 15) to base 4
-2120220222
What is -165652 (base 7) in base 4?
-20013223
230028 (base 12) to base 7
4521242
Convert b4845 (base 12) to base 8.
715265
What is -3445541 (base 6) in base 2?
-101011010110000101
-1c2707 (base 13) to base 9
-1316105
32671583 (base 9) to base 5
13022010334
10021033321 (base 4) to base 7
12143341
What is -348014 (base 16) in base 14?
-657c56
Convert 21eb2 (base 16) to base 9.
231516
What is 65017 (base 8) in base 7?
142105
Convert 2112020010 (base 3) to base 13.
1983c
What is -156311 (base 8) in base 16?
-dcc9
-11010001011101001111 (base 2) to base 11
-536641
Convert -12310322233 (base 4) to base 3.
-10100220220001
What is 442010 (base 5) in base 4?
3232113
What is -4265562 (base 7) in base 10?
-520620
What is -977dc (base 15) in base 7?
-4042266
Convert 175b2c (base 13) to base 15.
b8102
10ad61 (base 16) to base 3
2001112021001
Convert -4520 (base 13) to base 6.
-112415
What is -1513212 (base 8) in base 12?
-189a36
Convert 177448 (base 16) to base 12.
621634
4ab5b3b (base 12) to base 11
8310290
-7381600 (base 9) to base 16
-3c4959
What is 224963 (base 12) in base 11?
344314
Convert -294879 (base 10) to base 6.
-10153103
-c90 (base 14) to base 10
-2478
-8d83cd (base 15) to base 14
-c7dcc1
Convert -222230331 (base 4) to base 7.
-1325640
What is 4065515 (base 7) in base 5?
111040344
-100011010111001010100 (base 2) to base 10
-1158740
Convert -400030343 (base 5) to base 6.
-53310533
793441 (base 15) to base 10
5782336
1001000110110100011 (base 2) to base 10
298403
What is 92006 (base 16) in base 5?
123114042
Convert 210201101 (base 3) to base 4.
3313120
-77023 (base 10) to base 14
-200d9
Convert -1111313003 (base 5) to base 10.
-2447878
Convert -105253 (base 11) to base 3.
-22112110110
Convert -1475305 (base 9) to base 2.
-11000111100100110001
d7143 (base 16) to base 12
365997
-243045025 (base 6) to base 4
-101221031021
Convert 1451645 (base 9) to base 16.
c3ba2
What is -17124 (base 11) in base 15?
-7220
2120213312 (base 4) to base 14
123b70
baff (base 16) to base 8
135377
52540 (base 16) to base 10
337216
Convert 3101100302 (base 4) to base 10.
857138
-1867252 (base 11) to base 8
-14026667
Convert 2120010221121 (base 3) to base 5.
322023010
-18b1a2 (base 13) to base 7
-5206653
What is -10dc91 (base 16) in base 9?
-2063743
Convert 1101001011011001001 (base 2) to base 14.
b3521
What is -320110102 (base 4) in base 15?
-48534
-767447 (base 8) to base 14
-69d67
Convert 27dcae (base 15) to base 14.
37d932
What is -1346684 (base 9) in base 2?
-10110100100110111000
Convert 10110001011001000000011 (base 2) to base 6.
324330455
45f264 (base 16) to base 8
21371144
What is c272c5 (base 15) in base 11?
523a721
Convert 430453 (base 6) to base 13.
13014
Convert -203443 (base 12) to base 16.
-7aeb3
-11112102211122 (base 3) to base 14
-46a39a
Convert 32212010 (base 4) to base 5.
3403110
Convert -25654 (base 16) to base 6.
-3141044
Convert -11143027 (base 8) to base 12.
-98281b
What is -213231022 (base 4) in base 7?
-1245103
875ba (base 14) to base 10
327680
18ce1 (base 15) to base 8
235230
What is 2b574 (base 12) in base 9?
103057
312413 (base 9) to base 8
552236
-1021022021 (base 4) to base 12
-1254b5
Convert -5afb8 (base 16) to base 5.
-43411124
-6d034 (base 15) to base 13
-c2332
What is 14eb7 (base 16) in base 13?
30004
What is 24349 (base 13) in base 5?
4111403
121402423 (base 6) to base 2
1000110101111000001111
Convert -2112103231 (base 5) to base 2.
-10000110100100111011000
118b3 (base 16) to base 10
71859
What is -10122011100 (base 3) in base 14?
-1c115
What is 1010000110101010001110 (base 2) in base 8?
12065216
1021432223 (base 5) to base 9
4021081
-200212011211 (base 3) to base 7
-3104122
31132010 (base 4) to base 7
316565
Convert -201304230 (base 6) to base 11.
-1a33157
-111001101011100111 (base 2) to base 3
-110000002111
Convert 339b41 (base 12) to base 14.
176da1
Convert -8489415 (base 10) to base 7.
-132105324
963015 (base 10) to base 9
1727006
Convert -3334376 (base 8) to base 6.
-31135314
What is 2022 (base 4) in base 11?
116
-64c01 (base 14) to base 2
-111011100001110001
What is -73313 (base 11) in base 10?
-106857
What is 3442331 (base 6) in base 15?
375ca
-852ab (base 12) to base 16
-2ab63
-50033405 (base 6) to base 7
-14636234
What is -10212140112 (base 5) in base 3?
-202001200101110
What is 7a0666 (base 11) in base 5?
311241230
2100c0 (base 14) to base 15
170222
Convert 7a7 (base 12) to base 5.
14020
Convert 2035120 (base 6) to base 11.
6796a
What is 321332102 (base 4) in base 16?
39f92
65220311 (base 7) to base 14
a4d278
9148842 (base 11) to base 15
1647a51
Convert -1550325 (base 6) to base 11.
-63255
213313000 (base 4) to base 7
1246663
What is -3231003434 (base 5) in base 4?
-122102121233
-20212220120202 (base 3) to base 11
-207a2a5
9a579 (base 16) to base 6
21314441
What is 10010101000011110001 (base 2) in base 12?
2553a9
Convert 307540 (base 8) to base 11.
6a8a6
Convert 8377830 (base 9) to base 7.
53040222
What is 244541 (base 6) in base 11?
15423
What is 110101100101110001 (base 2) in base 6?
4412121
Convert 222230011121 (base 4) to base 11.
6353749
120202100102 (base 3) to base 13
ab1a3
-1101000011110100011101 (base 2) to base 15
-479597
Convert 2210120 (base 5) to base 6.
452400
What is -174281 (base 12) in base 16?
-61f81
-14b330 (base 12) to base 13
-c3b55
223323030 (base 4) to base 6
3504540
Convert -3a41a00 (base 11) to base 5.
-3242030143
What is 1331000101 (base 4) in base 13?
14c08c
What is 368ac (base 15) in base 14?
4762b
Convert 603437 (base 8) to base 13.
6c41c
What is 24061000 (base 7) in base 9?
4010127
What is 1100100101110001101 (base 2) in base 4?
1210232031
What is -2708343 (base 9) in base 6?
-51434403
1141063 (base 7) to base 6
3032424
-d7e7 (base 15) to base 10
-45667
What is -9184a (base 15) in base 8?
-1604106
Convert -1ba9a (base 16) to base 5.
-12111211
What is 310237a (base 12) in base 14?
131a99c
-2002202321 (base 4) to base 10
-534713
Convert 42120040 (base 7) to base 3.
20200102012111
Convert -24142080 (base 9) to base 5.
-11003403100
What is -637639 (base 13) in base 10?
-2329882
What is 607406 (base 10) in base 9?
1125175
Convert -785315 (base 10) to base 4.
-2333232203
Convert -d2aa3 (base 15) to base 9.
-1226300
Convert -221506 (base 7) to base 2.
-1001100001100010
What is 3bca428 (base 13) in base 8?
110154616
What is -20422411 (base 5) in base 8?
-514564
What is 247711 (base 10) in base 11?
15a122
-15596 (base 13) to base 9
-61515
Convert 20021313211 (base 4) to base 3.
11000121012101
Convert 4232403 (base 7) to base 11.
31a996
-11010000111100110001000 (base 2) to base 14
-ca32d2
-60786 (base 15) to base 12
-128923
2333113220 (base 4) to base 7
6443162
What is -10a09 (base 11) in base 7?
-64145
What is 736